20. Let f = x - 6. Determine j(f).
-7
Let h(o) = -4*o**3 - 5*o**2 + o + 2. Let v = 35 - 32. Let w(x) = -3*x + 5*x**2 + 5*x**2 - 4*x**3 + 13*x**3 - 5. Let m(n) = v*w(n) + 7*h(n). Give m(-4).
-9
Let z = -6211 - -6206. Let t(x) = 2*x + 3*x**2 + 2*x - 5 + x**3 + 3*x**2. Give t(z).
0
Let t(w) = -2*w**2 + 2*w**2 + 3*w**2 - 5*w + 4*w - 2 - 4*w**2. What is t(-4)?
-14
Let k(i) = -i - 11. Let x(r) = -r**2 - 9*r - 8. Let w be x(-7). Suppose 4*s = 7*s - w. Suppose 8 - s = -q. Determine k(q).
-5
Suppose 3*x + 3 = 0, 5*g - 6 = 5*x + 4. Let v(i) = -10*i - 132. Let w(r) = -4*r - 48. Let h(k) = -4*v(k) + 11*w(k). What is h(g)?
-4
Let i(l) = l**3 - 3*l**2 - 2*l - 5. Let j be i(4). Let a(v) = 7*v + 4. What is a(j)?
25
Let v(p) = -p**3 - p - 5 - p**2 + 0*p - 7. Suppose 8 = 3*d + 4*w, -5*d + 93 = -w + 95. Calculate v(d).
-12
Let u be (8 - -1)*(-1 + 0). Let x(v) = v**2 + 39*v + 9. Let p(o) = -2*o - 1. Let h(n) = -15*p(n) - x(n). Determine h(u).
6
Let l(x) = -x**3 - 5*x**2 + 2. Let b = 4 + 11. Suppose 6*r + b = -15. What is l(r)?
2
Let l(r) = 41*r**2 + 3*r - 4. Let w(m) = 27*m**2 + 2*m - 3. Let k(j) = 5*l(j) - 8*w(j). Let z(t) = -2*t**2 + 1. Let f(i) = -k(i) + 5*z(i). Give f(-1).
1
Let d(o) = -2*o + 2. Let z(m) = 57*m - 55*m - 3 + 5 + m**3. Let x be z(0). Determine d(x).
-2
Let u(t) be the second derivative of t**3/6 + t**2/2 - t. Suppose -2*y + 5*y = -a - 3, 3*a = 4*y - 9. Determine u(y).
1
Let y(o) = o**3 + 4*o**2 - 2*o + 4. Suppose 1 = -2*f - 3. Let t be (4/8)/(f/(-116)). Suppose -5*q - 7 = 4*r + t, -4*r - q = 20. Give y(r).
12
Let s(u) = 11*u**3 + u**2 - u. Suppose 262*p + 12 = 274*p. Calculate s(p).
11
Suppose h - j = -4*j + 10, -3*h + 5*j - 26 = 0. Let z(w) be the third derivative of w**6/120 + w**5/20 + w**4/6 + w**3/2 + 4*w**2. Give z(h).
-1
Let r = -100 - -100. Let z(p) = -p**2 - 7*p + 1. Let d be z(-7). Let m(k) = -k + 0*k - k**2 + 1 + d. What is m(r)?
2
Let g(v) = 2*v - 12. Let o be g(6). Let s be (o - (1 - 4)) + 0. Suppose -s*t + 2 = -4*t. Let m(c) = 3*c**2 + c - 1. Determine m(t).
9
Let z(k) = -k. Let q(w) be the third derivative of w**5/60 - 3*w**4/8 + 4*w**3/3 - 35*w**2. Let c(g) = q(g) - 6*z(g). Determine c(6).
26
Let f(d) = -d**2 + 8*d - 9. Let r be -1*((-50)/(25/5) + 3). Calculate f(r).
-2
Let a(p) be the second derivative of -p**4/12 + p**3/3 - 2*p**2 + p - 174. Calculate a(2).
-4
Let j = 2 + -9. Let z(i) = i + 2. Let g(f) = 7*f + 20. Let t(k) = g(k) - 6*z(k). Calculate t(j).
1
Let q(f) = -5*f**3 + 13*f**2 - 2*f + 12. Let r(w) = w**3 - w**2 + w - 1. Let v(z) = -q(z) - 6*r(z). Calculate v(-6).
-18
Let t(p) be the second derivative of -5*p**3/6 + p**2/2 - 102*p. Suppose f + o - 17 = 20, 215 = 5*f - 5*o. Let i be f/(-22) + 4/(-22). Give t(i).
11
Let n(j) = j**3 + 6*j**2 + j - 4. Let y = 44 - 39. Let s(p) = -p**3 - 6*p**2 - p + 5. Let m(o) = y*n(o) + 4*s(o). Determine m(-6).
-6
Let v = -70 + 62. Let q be (6/v)/((-42)/224). Let i(r) = r + 3. What is i(q)?
7
Let v(c) be the first derivative of -c**4/4 + 7*c**3/3 - 3*c**2/2 + 7*c + 54. What is v(6)?
25
Let v = 133 - 133. Let d(m) be the third derivative of 0 + v*m - 1/24*m**4 + 3*m**2 - 1/60*m**5 + 1/3*m**3. What is d(-3)?
-4
Let k(y) = 0 + 1 + 8 - 5 - 9*y. Give k(3).
-23
Let r be 2/8*(48*1)/4. Let z(w) = -7 - w + r + 4. Suppose c = 2*m + 2*c - 4, 16 = -m + 4*c. Calculate z(m).
0
Suppose -3*l - 4 = -10. Let d(z) = 9*z**2 - 13*z - 9. Suppose 0 = -0*c + c - 13. Let k(n) = -4*n**2 + 6*n + 4. Let t(s) = c*k(s) + 6*d(s). What is t(l)?
6
Suppose -3*o + 2 + 4 = 0. Let k(l) = 2*l**2 - l**3 + 1 + 6*l - l**o + 4*l**2. Suppose -16*p + 19*p - 3*y = 21, 5*p - 33 = 3*y. Determine k(p).
1
Let z be (6 + -4)/(2/4). Let x(r) = 7*r + 5. Let a be x(z). Let k = a + -27. Let m(p) = p**3 - 5*p**2 - 5*p - 3. Determine m(k).
3
Suppose g - 36 = -5*d, 2*d - 2 = -2*g + 6. Let y(w) = -w**2 + 7*w + 6. Give y(d).
-2
Let h(l) = l - 1. Let z(g) = -g**3 + 12*g**2 - 5*g - 9. Let p(o) = -5*h(o) + z(o). Calculate p(11).
7
Let i(n) = -n. Let g(t) = -t**2 + t - 1. Let l be g(0). Give i(l).
1
Let y = 10 - 6. Let x be (y/3)/((-3)/9). Let l(u) = -2*u + 5 - u + 6*u. Calculate l(x).
-7
Let k(z) = -z**2 + 10*z - 11. Let n = 313 - 305. Determine k(n).
5
Let g(b) = 0*b + 8 + 2 + 5 + 3*b. Suppose 35 = -4*t - t. Let n be g(t). Let y(j) = j + 8. Determine y(n).
2
Suppose 0 = -x + 4*b - 28, -25*x + 3*b + 36 = -29*x. Let n(h) = -h**3 - 13*h**2 - 9*h + 3. What is n(x)?
-33
Let z = 6 + 0. Let v = z - 1. Let w(s) = 9*s - 2*s - s**2 - 4 + 0. Calculate w(v).
6
Suppose -11*y - 4*k = -7*y - 16, -4*y + 5*k + 61 = 0. Let r(q) = 8*q**2 - 11 + 10*q - q**3 + 2 - 7 + 3. What is r(y)?
-4
Let o = -7 - -6. Let t(q) be the first derivative of q**2 + 2*q**2 + 3*q**2 + 3. Determine t(o).
-12
Let l(a) = -8 + 20 + a - 7 - 11. Let u(w) = -w**2 + 10*w - 12. Let y be u(8). Let f = 2 + y. Calculate l(f).
0
Let m(r) be the second derivative of r**4/12 + 2*r**3 + 14*r**2 - 248*r. Determine m(-5).
-7
Let c(r) = -145*r + 277*r + 4 - r**2 - 135*r + 2. What is c(6)?
-48
Let l(u) = -40 + 10*u + 50 - 8*u. Give l(-7).
-4
Let u(t) be the third derivative of -t**6/120 - t**5/15 + t**4/6 - t**3/2 + t**2. Let y be (1*(-15)/(-12))/(102/(-24) + 4). Give u(y).
2
Let n(i) be the second derivative of i**3/6 + i**2 - 46*i. Determine n(2).
4
Let x(b) = 142*b**2 + 58 - 57 + 0*b - 138*b**2 - b**3 + 0*b. Give x(5).
-24
Let z(v) = -v. Let i(a) = 3*a + 4. Let y(u) = -i(u) - 4*z(u). Let g(l) = l + 2. Let d be g(5). Let o be y(d). Let n(m) = -m**3 + 2*m**2 - m + 3. Determine n(o).
-9
Let z(n) = -5*n**2 + 16*n - 11. Let q(d) = 6*d**2 - 17*d + 13. Let g(m) = 6*q(m) + 7*z(m). Give g(-9).
-8
Let r(a) = 3*a**2 + 2. Let y be r(-2). Let g = 19 - y. Let t(i) = -i**3 + 4*i**2 + 6*i - 7. Give t(g).
-2
Let u(m) = m**2 + 13*m + 11. Let s = 397 + -410. What is u(s)?
11
Let s(g) = -184*g + 181. Let k be s(1). Let o(l) = -l**3 - 5*l**2 - 2*l - 1. What is o(k)?
-13
Let n(q) = 4*q + 6. Suppose 0 = 5*v - w + 26, 0 = -3*v - 2*v - 3*w - 22. Calculate n(v).
-14
Let l = -20 - -23. Suppose -4*n + l*z + 2 + 5 = 0, 0 = z - 3. Let r(b) = -b**3 + 3*b**2 + 3*b + 3. Calculate r(n).
-1
Let k = -9 + 3. Let s(y) = -12*y - 3. Let d(c) = 5*c + 2. Let r(j) = -5*d(j) - 2*s(j). Determine r(k).
2
Let s(x) = x**2 + 5*x - 1. Let r(n) = -3*n**2 + 33*n - 6. Let w(v) = r(v) - 7*s(v). Determine w(2).
-43
Let t(k) = -5*k + 14. Let p(f) = -f**3 - 5*f**2 + 7*f + 10. Let s be p(-6). What is t(s)?
-6
Let n(i) = i**3 - 6*i**2 + 6*i - 5. Let a = -9 - -9. Let c(m) = -m**2 - 4*m + 5. Let y be c(a). Calculate n(y).
0
Suppose -3*l = -15, 2*c - c + 20 = 4*l. Let s(v) = 5*v. Let f(i) = -4*i. Let z(x) = 4*f(x) + 3*s(x). Let g(j) = j + 5. Let k(y) = g(y) + 2*z(y). What is k(c)?
5
Let x(j) = -j + 6. Let m be x(0). Suppose z = 5*v + 23, m*z + v = z + 11. Let w(p) = z*p - 5*p - 1 + p - 5*p. What is w(1)?
-7
Let u(o) = 5*o + 43. Let l(h) = -h - 11. Let g(d) = 4*l(d) + u(d). Let r(b) = -b**3 + 6*b**2 - 7. Let f be r(6). Calculate g(f).
-8
Let y(g) = g**3 + 5*g**2 + 2*g + 4. Let l be 4 + 4 + (-1 - 7). Suppose -2*d - 3*q = 41, l = 5*d + q - 0*q + 96. Let j = d + 15. Give y(j).
12
Let x(k) = 2*k**3 - 7*k**2 + 45*k - 39. Let f be x(1). Let r(h) = 3 + 2*h**2 - 4 - h**2 - h. What is r(f)?
-1
Let y be (4/2 - -3)/(-1). Let q(d) = d**3 + 8*d**2 - 7*d + 20. Let i be q(-9). Let f(w) = 5*w + w**i - 16 + 3 + 9 + 9. What is f(y)?
5
Suppose 35 = -9*n + 14*n. Let p(a) = -a + 5. Calculate p(n).
-2
Let c = 1022 + -1018. Let g(d) = -4*d**2 + 3*d + 5. What is g(c)?
-47
Let z(p) = 33 + 41 + 8*p**2 - 116 + 2*p + 41 + 2*p**3. What is z(-4)?
-9
Let p(q) be the third derivative of q**6/120 - 2*q**5/15 + q**4/24 - 11*q**3/6 - 6*q**2 + 2*q. Calculate p(8).
-3
Let r(n) = -n**2 - 5*n - 6*n + 9 + 3*n. Let s(z) = 2*z**2 + 19*z - 153. Let o be s(5). Calculate r(o).
9
Let q(h) = 14*h**2 - 20*h + 13. Let l(o) = -9*o**2 + 14*o - 9. Let a(c) = 7*l(c) + 5*q(c). What is a(1)?
7
Let h(s) = 9*s - 70. Let f be h(8). Let m(k) be the second derivative of 1/2*k**3 - k + 0 + 1/2*k**f. Determine m(1).
4
Suppose 6 = -3*l + 12, 3*l = 2*m + 8. Let i(w) = 15*w + 4. Let b(y) = -y - 1. Let u(a) = -3*b(a) - i(a). What is u(m)?
11
Let i = -2 + -6. Let h(d) be the second derivative of d**3/6 + 5*d**2/2 - 4*d - 8. Determine h(i).
-3
Let x(p) = p**3 - 5*p**2 - p. Suppose -108 = -29*t + 23*t. Let h be t/5 + 18/(-30). Giv